et s(m) = 176*m**2 - 2*m - 3. What is the units digit of s(-1)?
5
Suppose -12*m + 20 = -10*m. What is the units digit of 3*m - 3 - 4?
3
Let t(m) = 2*m**3 - m + 1. Suppose -3*v = -18 - 18. Suppose g + 4*a = 9, 0*g + 2*g + 5*a - v = 0. What is the units digit of t(g)?
2
Let w(p) = p + 3. Let d be w(0). What is the units digit of 9/d*8/3?
8
Suppose -x - 90 = -4*x. Let m = 42 - x. What is the units digit of m?
2
Let r(n) = -3*n - 9. Suppose 4*b + 24 + 16 = 0. What is the tens digit of r(b)?
2
Let n = 153 + -77. What is the units digit of n?
6
Suppose -h + 10 = -5. Suppose -h = o - 6*o. What is the units digit of o?
3
What is the hundreds digit of (0 - -1)/((-17)/(-1921))?
1
Let b = -32 + 47. What is the units digit of b?
5
Let x be 3/(-4 - -1)*-4. Suppose 0 = x*m - 3*m + 5*d - 25, 5*m + 4*d = 83. Let p = m + -10. What is the units digit of p?
5
Let c(g) = 3*g**3 - g**2 + g - 1. Let p be 4*1 + 21/(-7). Let t be c(p). Suppose t = s - 8. What is the tens digit of s?
1
Let o be 30/4 + 1/(-2). Let x(h) = -h**2 + 7*h. Let z be x(o). Suppose -2*n - n + 36 = z. What is the tens digit of n?
1
Let w(p) = -p + 1. Let a = -3 + 3. Let l be w(a). What is the units digit of (-5)/(-5) + 0/l?
1
Suppose 90 = 3*o - o. What is the units digit of o?
5
Suppose 32 = 3*b - 16. What is the tens digit of b?
1
Let k(o) = -o**3 - o**2 - 2*o - 1. Let h be -3 + -3*4/(-6). Let c be k(h). What is the units digit of 5*c/((-10)/(-4))?
2
Suppose -b = 3*h - 2*b - 69, 2*b = 4*h - 92. What is the units digit of h?
3
What is the units digit of 1*(32 - -2 - 1)?
3
Let h(c) = c**2 + 5*c - 2. Let i be 2/4 - 39/6. Let a be h(i). Suppose -g + 5 = -4*d, -a*g - 5*d = g. What is the units digit of g?
1
Let r(t) = -5 + 2 - 3*t + 13. Let s be r(7). Let b = -1 - s. What is the tens digit of b?
1
Suppose 0 = q + 2*q - 72. What is the units digit of q?
4
Suppose -3*r + 110 = 2*r. What is the tens digit of r?
2
What is the units digit of (8/4 - 47)/(-1)?
5
Suppose -10 = 3*v - 4. What is the units digit of (-48)/28*21/v?
8
Let n(a) = 6*a**2 - 3 - 4*a + 6 + 4*a**3 - 5*a**3 + 5*a. What is the units digit of n(6)?
9
Let p = 338 - 91. What is the units digit of p?
7
Let v(j) = -j - 10. Let y be v(-11). Let r = 2 - y. What is the units digit of r?
1
Let i(h) = -2*h**2 + 9*h - 6. Let y be i(3). Suppose -50 = -2*s + 4*k, -6 = -3*k - y. What is the tens digit of s?
2
Let g = -59 - -51. Let b = -27 + 9. Let s = g - b. What is the tens digit of s?
1
Let v(a) = -16*a + 4. What is the tens digit of v(-3)?
5
Let j(u) = -4*u**2 - 5*u - 6. Let h(g) = g**2 - g - 1. Let r(z) = 4*h(z) - j(z). What is the units digit of r(2)?
6
Let u = 6 + -9. What is the units digit of 41/(u + 8 + -4)?
1
Suppose -3*o = -0*o - s - 17, -21 = -4*o + 3*s. What is the units digit of o?
6
Let x(b) = 3*b - 5. Let a be x(6). Suppose 0 = g - a - 0. What is the units digit of g?
3
Let o(a) = -a**3 + 6*a**2 + 3*a - 5. What is the units digit of o(5)?
5
Let x(m) = m**3 - 6*m**2 + 6*m - 1. Let w be x(5). Suppose -2 = -3*j + w. Suppose j*d - 5*d + 24 = 0. What is the units digit of d?
8
Suppose 444 = -9*c + 3495. What is the units digit of c?
9
Let w(i) = -i**2 + 6*i - 6. Let z be 2*-2*(-1)/2. Suppose -z*r + 11 - 3 = 0. What is the units digit of w(r)?
2
Let a = -1 - -8. What is the units digit of a?
7
What is the tens digit of (-52)/(-3)*(-9)/(-6)?
2
Let h = 432 - 233. What is the units digit of h?
9
Let d be 6/(-4)*(-16)/24. What is the units digit of d - (-5)/(5/18)?
9
Suppose 0 = 27*x - 20*x - 2653. What is the tens digit of x?
7
Let f(a) = a**2 - 11*a - 11. Let t be f(14). Suppose j + 5*i = -6 + t, -i = 5*j - 149. What is the tens digit of j?
3
Suppose -5*f - 3*c + 1252 = 0, 4*c - c = -3*f + 750. What is the tens digit of f?
5
Suppose 7 = 5*s - 18. Suppose 0 = 2*q - 5*y - 32, -4*q - s*y + 10 = q. What is the units digit of q?
6
Let p be (2/(-1) - -4)*1. Suppose -m = -0 + p, -m = -4*h + 34. Let t = h - 0. What is the units digit of t?
8
Let s(v) = -v + 2. Let n be s(-4). Let r = n - -22. What is the units digit of r?
8
Let f be ((-50)/(-3))/(2/12). What is the units digit of 26/39 + f/3?
4
Suppose -8*h + 2506 = 90. What is the tens digit of h?
0
Let j(h) = 123*h**2 + h. What is the tens digit of j(1)?
2
Let j = -59 + 101. Suppose h - j = -19. What is the tens digit of h?
2
Let m = 296 + -163. What is the tens digit of m?
3
Suppose 0 = 4*t - 0*t - 2*a - 26, 3*t - 4*a = 27. What is the units digit of (-2)/t + 114/10?
1
Let p = -6 - -11. Suppose -4*q + 3 = -p*q. What is the units digit of (6/5)/(q/(-10))?
4
Suppose 43 = 8*t - 501. What is the units digit of t?
8
What is the units digit of 981/5 - -1 - (-44)/55?
8
Suppose h + m + 3 = 0, 4*h - h - 3*m = 21. Suppose h*z = -10 - 20. Let o = -3 - z. What is the units digit of o?
2
Suppose -7*f = -4*f - 9. Suppose f*n + 31 = 121. What is the units digit of n?
0
Let p(d) = 0*d + 3*d - 5*d - 1. Let r be p(-6). What is the units digit of r/(3*3/9)?
1
Suppose 4*x + 4*q + 612 = 6*x, 2*q = -4. What is the units digit of x?
2
Let u(n) = n**2 - 7*n + 9. What is the units digit of u(7)?
9
Let i be 32/18 + 8/36. Suppose i*k - 4 = 0, h + k - 4 = -0*k. What is the units digit of h?
2
Let n = 663 - 462. What is the units digit of n?
1
Let w(i) = -i**2 - 9*i - 8. Let a be w(-7). Let l = 10 - a. What is the units digit of l?
4
Suppose 5*c - 4*c - 5 = -l, 3*l - 2*c = 10. Suppose l*p - 9 = -3*t - p, t - 17 = 3*p. What is the units digit of t?
8
Let u be -3 + 1 + (-4)/2. What is the units digit of (u/5)/(1/(-10))?
8
Suppose -51 - 5 = -4*a. What is the tens digit of a?
1
Let o(b) = -b**3 + 4*b**2 + 5*b - 6. Let q be o(4). Suppose 5*d - q = 4*d. What is the tens digit of d?
1
Suppose -4*z - 80 = -5*r, -55 = -2*r - r + z. What is the units digit of r?
0
Let t = -14 - -14. What is the tens digit of (3 - t) + 91/7?
1
Let g(v) = v + 6. Let j be g(-6). Let y = 21 + -18. Suppose 2*a + y - 9 = j. What is the units digit of a?
3
Let z = 4 - 3. Let a(c) = -5*c. Let y be a(z). Let g = y - -9. What is the units digit of g?
4
Suppose -p - 5 = -6*p. Suppose f + p = -0*f. Let r = f - -4. What is the units digit of r?
3
Let o = 0 - 3. What is the units digit of ((-30)/(-9))/((-2)/o)?
5
Let c = 139 + -63. What is the tens digit of c?
7
Suppose 4*s - 292 = q + 167, -3*s = 3*q - 348. What is the tens digit of s?
1
Let q = 2 + -2. Let b(h) = h**2 + 11*h + 5. Let s be b(-11). Suppose p - s = -q*p. What is the units digit of p?
5
Let m be (1/3)/((-3)/9). What is the tens digit of ((-8)/24)/(m/45)?
1
Let s(f) = -f**3 + 10*f**2 + 20*f - 12. What is the hundreds digit of s(8)?
2
Suppose -4*j + z + 156 = -16, 148 = 4*j + 5*z. Let s = j + -26. What is the units digit of s?
6
Let f(i) = -43*i - 22. What is the units digit of f(-8)?
2
Let t = 0 + 11. Suppose -2*z - 2*z = -4. What is the units digit of -3*(t/(-3) + z)?
8
What is the units digit of ((-295)/15)/((-3)/9)?
9
Let f(i) = i**3 + 7*i**2 + 6*i + 3. What is the tens digit of f(-4)?
2
Suppose 0 = 4*y + 5*i - 6*i - 89, 5*y - 115 = 5*i. What is the units digit of y?
2
Let s(l) = 3 + 3*l**2 - 5*l**2 + 1 + 3*l + l**2 - l**3. What is the tens digit of s(-3)?
1
Let f = -54 - -86. What is the tens digit of f?
3
Suppose 26 = 3*v - 40. What is the units digit of (-670)/(-55) - 4/v?
2
Let f = -59 - -137. What is the units digit of f?
8
Suppose 0 = 12*q - 14*q + 498. What is the tens digit of q?
4
Let f(j) = 4*j + 4. What is the units digit of f(3)?
6
Let o = -15 + 19. What is the units digit of (38 + -2)*o/8?
8
Let b = 11 + -7. Suppose 4*l = l + 2*x + 56, 4*x + b = 0. What is the units digit of l?
8
Let t be (-6)/4*40/(-12). Suppose 3*z = -2*x + 56, -z + 2*z + t*x = 10. What is the tens digit of z?
2
Let w(c) = -c**3 - 7*c**2 - 8*c - 9. Let g be w(-6). Suppose 7 - g = 2*n. What is the units digit of n?
2
Suppose 2*g + 8 = -4*y - 0, g - 2*y = 0. Let u = -4 - g. What is the units digit of 28/10 - u/10?
3
Suppose -y - r - 4*r = 13, 4*r + 20 = 4*y. Let v(p) = 7*p - 3. What is the tens digit of v(y)?
1
What is the units digit of ((-12)/(-3))/4 + 3?
4
Let l = -3 - 12. Let o = -54 - l. Let r = -24 - o. What is the units digit of r?
5
Suppose 0 = 5*x + 4*l - 236, -x - 2*x = 4*l - 140. Let w be -5 + 3 - 12/(-2). Suppose 0*y + x = w*y. What is the units digit of y?
2
Suppose -70 = 8*a - 10*a. What is the tens d